*w**4/24 + 2*w**3/3 - 2*w - 28. Let z(o) be the third derivative of k(o). What is z(-5)?
0
Let z(w) = w**3 - 4*w**2 - 10*w - 1. Let u be z(6). Suppose -20 = -u*v + 145. Let y(f) = 34*f - v*f - f**2 - 6 - 12*f. Calculate y(4).
6
Suppose -4*i = -i - 12. Let t(x) be the second derivative of x**4/6 - 2*x**3/3 - x**2 + 2110*x. Give t(i).
14
Let x(q) = -3*q - 31. Let r be x(-9). Let f be 406/7 - (0 - -1)/1. Let t(w) = -5 + 3*w**3 - 3*w - 54*w**2 - 2*w**3 + f*w**2. What is t(r)?
-9
Let b(q) = -q**3 - 13*q**2 - 25*q - 26. Let g = -4261 + 4250. What is b(g)?
7
Suppose 2*i + 0*i + 26 = 3*f, 0 = 4*i - 20. Let b(g) = 13 - 9 - 11*g + f - 11*g + 26*g. Give b(-4).
0
Let g(j) be the third derivative of -j**4/8 - 13*j**3/6 + 864*j**2. Determine g(-6).
5
Suppose 3*r - 24 = -4*v, -5*v + 3 = -4*r - 27. Let p be 16/v + 16/(-24). Let k(t) = -9*t**2 - 2 + 16*t**2 + 5*t - 6*t**p + 1. Give k(-6).
5
Let r(q) = -q**3 - 2*q**2 - q. Let k(n) = -3*n + 17. Let a = -29 + 34. Let l be k(a). Let z be (4 - l) + -4 + 0. Give r(z).
2
Let f(o) = 9*o - 29. Let x be (((-1)/(-3))/((-2)/18))/((-15)/(-20)). What is f(x)?
-65
Let r(l) be the second derivative of 1/120*l**6 - l**3 + 0 + 1/8*l**4 - 7/60*l**5 + 19*l - 9*l**2. Let y(z) be the first derivative of r(z). Give y(7).
15
Let n(o) = o**3 - 5*o**2 + o - 6. Suppose -48*b + 57*b - 36 = 0. Suppose 27 = 3*z + 3*r, 2*z - b*r = 3*z - 21. Calculate n(z).
-1
Let f(j) = j. Let a(i) = 5*i - i - 7*i - 7 - 10*i. Let r(n) = 12*n + 8. Let z(h) = 7*a(h) + 6*r(h). Let b(l) = 5*f(l) + z(l). What is b(-1)?
13
Let c(w) = -w - 3. Suppose -13*b = -18 - 99. Suppose -4*h = -b*h + 4*o - 22, 0 = 2*h - 5*o + 2. Give c(h).
3
Suppose 5*o - 139 = -4*s, 0*o + o = 4*s - 145. Suppose 15 = -3*j, 2*q - 5*j + j = 46. Suppose 7*r - s = q. Let a(g) = -g + 10. Determine a(r).
3
Suppose -1204 = -3*g + 1586. Let k = -930 + g. Let x(l) = l + 35. What is x(k)?
35
Let j(c) be the second derivative of 1/3*c**4 + 4 - 6*c - 1/20*c**5 + 0*c**2 + 1/6*c**3. Determine j(4).
4
Suppose -101*g = -73*g + 104*g. Let i(t) = -20*t - t**2 + 3 - 21*t + 39*t. What is i(g)?
3
Let f(r) be the third derivative of r**6/120 - r**5/20 + r**4/24 + r**3/6 - 5*r**2. Let j = -391 + 393. Suppose -j*p - 8*p = -30. Calculate f(p).
4
Let f be 1 + (-1 - 9/(-3)). Let k(x) = 2*x - x**2 + 1 - 3*x - f*x. Let t(c) = -1108*c - 6653. Let p be t(-6). Give k(p).
-4
Let h be 1 + (3/(-2) - (-165)/30). Let n(o) = 3*o**2 + o - 10. Let b(j) = 4*j**2 + j - 12. Let x(i) = h*n(i) - 4*b(i). What is x(-2)?
-8
Let j(d) be the third derivative of -7/24*d**4 + 47 + 1/12*d**5 + 1/6*d**3 + 1/120*d**6 - d**2 + 0*d. Give j(-6).
7
Let z = 9 - -16. Suppose -r + z = 4*r. Let j(l) be the third derivative of l**4/24 + l**3/6 - 2*l**2 - 94. Give j(r).
6
Let b(m) = -m**2 + 11*m - 23. Suppose 0 = s + 2*d - 15, -3*s + 37 = 4*d - 0. Let v be b(s). Let q(f) = -f**3 + 2*f**2 + 6*f + 1. What is q(v)?
-44
Let c be (-42 - 0)*(-1 - 2/6). Let g = -47 + c. Let t(k) = 0 - k - 1 + g. Give t(-6).
14
Let z = 22543 - 22545. Let q(p) = -9*p**2 - 12*p - 21. Give q(z).
-33
Suppose 0 = 3*t + 2*t + 25. Let o be (-2)/(-9) + (-9 - 4584/(-27)). Let b(z) = 0*z - 4*z + 156 - o + 2*z. Calculate b(t).
5
Let z be ((-3)/(-4) - 1)/(5/(-40)). Let o(w) = 1 - 78*w + 79*w - z. Determine o(0).
-1
Suppose -4*w - 14 = 3*d, 19*d - 16*d = -3*w - 6. Let m(p) = 8*p + 61. What is m(w)?
-3
Let v = 142 - 3. Let y = v + -137. Let a(c) = -3*c**2 + 2*c + 2. Determine a(y).
-6
Let v(d) be the second derivative of -15*d**3/2 - 113*d**2 + 6389*d + 2. Give v(-5).
-1
Let x(u) = -5*u**2 - 11*u - 18. Let d(n) = -2*n**2 - 4*n - 6. Let g(j) = -8*d(j) + 3*x(j). Let i be (-4)/(-14)*-7 + 7. Determine g(i).
14
Let y(x) = x**3 - 6*x**2 + 7*x - 3. Let g(d) = d**2 - d + 301. Let u be g(0). Suppose -6*o + u = 271. Give y(o).
7
Let q(p) = 4*p**2 - 20*p + 2. Let r be q(5). Let j(d) = 32*d**r + 157*d - 31*d**2 - 167*d + 12. Determine j(8).
-4
Suppose -6 = -r - 2*f, 6*f + 9 = 3*r + 3*f. Let b(x) = 7*x - 27. Let y(h) = -5*h + 23. Let u(t) = r*y(t) + 3*b(t). Calculate u(-9).
2
Let d(k) = -194 - 7*k + 159 + 5*k + 18*k**2 - 19*k**2. Calculate d(0).
-35
Suppose -6*k - 2750 = -17*k. Let y(j) = 5*j + 258 - k - 11*j. Calculate y(6).
-28
Let k(b) be the first derivative of -1/3*b**3 + 1/2*b**2 - 30 - b. Suppose 1 = -2*u + r, -4*u - 5*r + 5 = u. Give k(u).
-1
Let x = -5 - -5. Suppose x*r - 2*r + 32 = 0. Suppose -20 = 20*k - r*k. Let z(y) = -y. Determine z(k).
5
Suppose 46*d - 15*d + 124 = 0. Let t(h) = -27*h - 98. Let u be t(d). Let w(s) = 16*s**2 + 4 - 5*s**2 - s**3 - s**2. Determine w(u).
4
Let f = -6 - -11. Let b(m) = 1 + 4*m**3 + 232*m**2 - m**3 - 449*m**2 + 3 - 4*m**3 + 222*m**2. Give b(f).
4
Let h(z) = -3*z**3 + 29*z**2 - 3*z - 25. Let u(k) = 4*k**3 - 42*k**2 + 4*k + 35. Let p(o) = -7*h(o) - 5*u(o). Give p(-7).
-7
Suppose 0 = 58*y - 52*y. Let k(n) = -19*n - 16. What is k(y)?
-16
Let g(b) be the third derivative of b**5/60 - b**4/3 + 2*b**3/3 - 31*b**2 + 2. Let o(z) = -z**3 - 4*z**2 + 4*z + 1. Let s be o(-5). Give g(s).
-8
Let k = 15 - 8. Let l(y) = -4*y + 8. Let p(w) = -2*w - 4. Let i(r) = -r. Let d(t) = -4*i(t) + p(t). Let c(u) = k*d(u) + 4*l(u). Determine c(-3).
10
Let a(d) = -10 + 7*d - 8*d - d**3 + 4*d - 8*d + 0*d**3 + 6*d**2. Calculate a(5).
-10
Suppose -3*i = -t + 2 + 2, -4*t = -4*i. Let y(k) = 9*k**3 + 2*k**2 - 7*k - 8. Let o(l) = -7*l**3 - l**2 + 6*l + 6. Let g(d) = -5*o(d) - 4*y(d). What is g(i)?
2
Let r(w) = w. Let g(k) = 2*k + 1. Let q(u) = g(u) - r(u). Let t = 27818 - 27818. Give q(t).
1
Suppose -h - 2*d = 3*d - 668, -d = 0. Let l(a) = 2*a - 339 - 337 + h. What is l(6)?
4
Let k(p) = -p**2 - 8*p + 0*p**2 + 3*p**2 + 48 - 43. Determine k(4).
5
Suppose -13*d - 26 = -65. Suppose 3*l - 18 - d = -3*w, -2*w - 10 = -4*l. Let p(r) = -r**3 + 7*r**2 - r - 3. What is p(l)?
41
Let h(z) = -z**3 - 4*z**2 + 16*z + 12. Let v be (2/5)/(13620/(-400) + 34). Give h(v).
140
Let f(s) = 8*s**2 + 3*s - 7. Let b = 21037 + -21035. Determine f(b).
31
Suppose 0*j + 0*j = 4*g + 4*j - 8, 0 = -2*j. Let t(x) be the third derivative of -2/3*x**3 + 0*x + 1/60*x**5 - 5/24*x**4 + 16*x**g + 0. Calculate t(5).
-4
Let p(g) = -g - 16. Let q(k) = -k - 17. Let d(a) = -3*p(a) + 2*q(a). Let m = 5257 + -5264. Determine d(m).
7
Let y(h) = 11*h**2 + 8*h + 23. Let f(j) = 5*j**2 + 4*j + 11. Let k(q) = -9*f(q) + 4*y(q). Let u = -1934 - -1930. Determine k(u).
-7
Let x(g) = g**2 - 2*g + 1. Let w(r) = -4*r**2 + 27*r + 6. Suppose -l + 49 = 4*b + 4*l, -2*l = -b - 4. Let y(i) = b*x(i) + w(i). Determine y(-6).
-6
Let i(r) = -3 + 17*r - 32*r + 5*r + 8 + 11*r. What is i(5)?
10
Let q(b) = -2*b**2 + 2. Let a(d) = -2*d + 6. Let p be a(0). Let h be 4/p*(-4)/(4/(-3)). Suppose 4 = k + h*z, -2*z + 3*z = -4*k - 5. Determine q(k).
-6
Suppose 2*z = -2*k + 3710, -4*z - 5*k + 4763 + 2653 = 0. Let q(v) = 1 + 1859*v - z*v - v**3 - 2*v**2. Give q(-1).
0
Let m(t) = t**2 - 3*t + 10. Let n = -4369 + 4377. What is m(n)?
50
Let q(m) = m**3 + 33*m**2 + m + 75. Let f(z) = 33*z**3 + 16*z + 16. Let l be f(-1). What is q(l)?
42
Let c = -3227 + 3220. Let d(x) = -x**2 - 14*x - 14. What is d(c)?
35
Let s be 154/((-44)/(-4)) - 14. Let n(g) = -g**3 + 4*g**2 + g - 2. Give n(s).
-2
Let f(r) = -15*r**2 + 1. Let o be f(-1). Let g(j) be the first derivative of -j**3/3 - 13*j**2/2 + 16*j - 30285. Determine g(o).
2
Let o(m) = 6*m - 139. Let d be o(24). Suppose -d*l = 3*b + 46 + 13, -11 = 2*l - 3*b. Let a(k) = -k + 3. Give a(l).
13
Let w(u) = 24365*u - 12190*u + 17 - 12178*u. Calculate w(-2).
23
Let c(m) = -20*m**3 + 10*m**2 - 7*m + 13. Let g(r) = -29*r**3 + 15*r**2 - 11*r + 19. Let k(a) = -7*c(a) + 5*g(a). What is k(3)?
-104
Let b(p) = 4*p**3 - 2*p**2 - 3*p - 2. Let z = -105 - -113. Suppose 24*d - z = 28*d. What is b(d)?
-36
Let b be (1/3)/(9/(-81)). Let f(n) be the second derivative of 1/12*n**4 - 1/2*n**2 + 8*n + 0 - 1/6*n**3. Determine f(b).
11
Let b(k) be the third derivative of k**6/120 - k**5/12 - k**4/6 - k**3 + 3648*k**2. Let f(h) = -h**3 + 4*h**2 - h. Let y be f(2). Calculate b(y).
6
Suppose -14*q - 7 = -15*q. Let l(x) = -5*x**3 + 12*x**2 - 10*x + 8. Let c(s) = -9*s**3 + 23*s**2 - 20*s + 16. Let b(o) = q*l(o) - 4*c(o). Calculate b(6).
-20
Let o be (8 - (-1 - -3))*-1. Suppose 7 = m + 4*z + 2, 0 = 4*m + 3*z - 33. Let s(i) = i**2 - 2*i**2 - 17 + 17 - 9*i - m. Give s(o).
9
Let a(p) =